{"id":178,"date":"2012-09-26T08:27:25","date_gmt":"2012-09-26T08:27:25","guid":{"rendered":"http:\/\/fsv-schwarzbach.de\/?page_id=178"},"modified":"2025-10-10T10:21:40","modified_gmt":"2025-10-10T09:21:40","slug":"1-mannschaft-2","status":"publish","type":"page","link":"https:\/\/fsv-schwarzbach.de\/index.php\/tischtennis\/1-mannschaft-2\/","title":{"rendered":"1. Mannschaft"},"content":{"rendered":"<p><strong><span style=\"text-decoration: underline;\"><a href=\"http:\/\/fsv-schwarzbach.de\/tischtennis\/1-mannschaft-2\/erste-mannschaft-2018-tt\/\" rel=\"attachment wp-att-1811\"><img loading=\"lazy\" decoding=\"async\" class=\"aligncenter size-full wp-image-1811\" src=\"http:\/\/fsv-schwarzbach.de\/wp-content\/uploads\/2018\/09\/Erste-Mannschaft-2018-TT.jpg\" alt=\"\" width=\"4032\" height=\"3024\" srcset=\"https:\/\/fsv-schwarzbach.de\/wp-content\/uploads\/2018\/09\/Erste-Mannschaft-2018-TT.jpg 4032w, https:\/\/fsv-schwarzbach.de\/wp-content\/uploads\/2018\/09\/Erste-Mannschaft-2018-TT-300x225.jpg 300w, https:\/\/fsv-schwarzbach.de\/wp-content\/uploads\/2018\/09\/Erste-Mannschaft-2018-TT-768x576.jpg 768w, https:\/\/fsv-schwarzbach.de\/wp-content\/uploads\/2018\/09\/Erste-Mannschaft-2018-TT-1024x768.jpg 1024w, https:\/\/fsv-schwarzbach.de\/wp-content\/uploads\/2018\/09\/Erste-Mannschaft-2018-TT-400x300.jpg 400w\" sizes=\"auto, (max-width: 4032px) 100vw, 4032px\" \/><\/a><\/span><\/strong><\/p>\n<p><strong>Von Links: <\/strong>Sebastian Will, Steffen Dostal, Uwe Kranholdt, Winfried Will, Bernd Sch\u00e4fer und Stefan R\u00f6der<\/p>\n<p><strong><span style=\"text-decoration: underline;\">Aufstellung:<\/span><\/strong><\/p>\n<table style=\"height: 176px;\" border=\"1\" width=\"293\" cellspacing=\"0\" cellpadding=\"3\">\n<tbody>\n<tr>\n<td>1<\/td>\n<td>Alexander Mainusch<\/td>\n<\/tr>\n<tr>\n<td>2.<\/td>\n<td>Steffen Dostal<\/td>\n<\/tr>\n<tr>\n<td>3.<\/td>\n<td>Sebastian Will<\/td>\n<\/tr>\n<tr>\n<td>4.<\/td>\n<td>Uwe Kranholdt<\/td>\n<\/tr>\n<tr>\n<td>5.<\/td>\n<td>Bernd Sch\u00e4fer<\/td>\n<\/tr>\n<tr>\n<td>\u00a0<\/td>\n<td>\u00a0<\/td>\n<\/tr>\n<\/tbody>\n<\/table>\n<h2 style=\"text-align: center;\">\u00a0<\/h2>\n\n\n<div class=\"wp-block-buttons is-content-justification-center is-layout-flex wp-container-core-buttons-is-layout-16018d1d wp-block-buttons-is-layout-flex\">\n<div class=\"wp-block-button\"><a class=\"wp-block-button__link wp-element-button\" href=\"https:\/\/www.mytischtennis.de\/click-tt\/HeTTV\/25--26\/ligen\/Kreisliga_Gr._1\/gruppe\/496364\/tabelle\/gesamt\">Tabellen\/Ergebnisse\/Statistiken<\/a><\/div>\n<\/div>\n","protected":false},"excerpt":{"rendered":"<p>Von Links: Sebastian Will, Steffen Dostal, Uwe Kranholdt, Winfried Will, Bernd Sch\u00e4fer und Stefan R\u00f6der Aufstellung: 1 Alexander Mainusch 2. Steffen Dostal 3. Sebastian Will 4. Uwe Kranholdt 5. Bernd Sch\u00e4fer \u00a0 \u00a0 \u00a0<\/p>\n","protected":false},"author":1,"featured_media":0,"parent":169,"menu_order":0,"comment_status":"closed","ping_status":"closed","template":"","meta":{"footnotes":""},"class_list":["post-178","page","type-page","status-publish","hentry"],"_links":{"self":[{"href":"https:\/\/fsv-schwarzbach.de\/index.php\/wp-json\/wp\/v2\/pages\/178","targetHints":{"allow":["GET"]}}],"collection":[{"href":"https:\/\/fsv-schwarzbach.de\/index.php\/wp-json\/wp\/v2\/pages"}],"about":[{"href":"https:\/\/fsv-schwarzbach.de\/index.php\/wp-json\/wp\/v2\/types\/page"}],"author":[{"embeddable":true,"href":"https:\/\/fsv-schwarzbach.de\/index.php\/wp-json\/wp\/v2\/users\/1"}],"replies":[{"embeddable":true,"href":"https:\/\/fsv-schwarzbach.de\/index.php\/wp-json\/wp\/v2\/comments?post=178"}],"version-history":[{"count":0,"href":"https:\/\/fsv-schwarzbach.de\/index.php\/wp-json\/wp\/v2\/pages\/178\/revisions"}],"up":[{"embeddable":true,"href":"https:\/\/fsv-schwarzbach.de\/index.php\/wp-json\/wp\/v2\/pages\/169"}],"wp:attachment":[{"href":"https:\/\/fsv-schwarzbach.de\/index.php\/wp-json\/wp\/v2\/media?parent=178"}],"curies":[{"name":"wp","href":"https:\/\/api.w.org\/{rel}","templated":true}]}}

<p><strong><span style="text-decoration: underline;"><a href="http://fsv-schwarzbach.de/tischtennis/1-mannschaft-2/erste-mannschaft-2018-tt/" rel="attachment wp-att-1811"><img loading="lazy" decoding="async" class="aligncenter size-full wp-image-1811" src="http://fsv-schwarzbach.de/wp-content/uploads/2018/09/Erste-Mannschaft-2018-TT.jpg" alt="" width="4032" height="3024" srcset="https://fsv-schwarzbach.de/wp-content/uploads/2018/09/Erste-Mannschaft-2018-TT.jpg 4032w, https://fsv-schwarzbach.de/wp-content/uploads/2018/09/Erste-Mannschaft-2018-TT-300x225.jpg 300w, https://fsv-schwarzbach.de/wp-content/uploads/2018/09/Erste-Mannschaft-2018-TT-768x576.jpg 768w, https://fsv-schwarzbach.de/wp-content/uploads/2018/09/Erste-Mannschaft-2018-TT-1024x768.jpg 1024w, https://fsv-schwarzbach.de/wp-content/uploads/2018/09/Erste-Mannschaft-2018-TT-400x300.jpg 400w" sizes="auto, (max-width: 4032px) 100vw, 4032px" /></a></span></strong></p>
<p><strong>Von Links: </strong>Sebastian Will, Steffen Dostal, Uwe Kranholdt, Winfried Will, Bernd Schäfer und Stefan Röder</p>
<p><strong><span style="text-decoration: underline;">Aufstellung:</span></strong></p>
<table style="height: 176px;" border="1" width="293" cellspacing="0" cellpadding="3">
<tbody>
<tr>
<td>1</td>
<td>Alexander Mainusch</td>
</tr>
<tr>
<td>2.</td>
<td>Steffen Dostal</td>
</tr>
<tr>
<td>3.</td>
<td>Sebastian Will</td>
</tr>
<tr>
<td>4.</td>
<td>Uwe Kranholdt</td>
</tr>
<tr>
<td>5.</td>
<td>Bernd Schäfer</td>
</tr>
<tr>
<td> </td>
<td> </td>
</tr>
</tbody>
</table>
<h2 style="text-align: center;"> </h2>


<div class="wp-block-buttons is-content-justification-center is-layout-flex wp-container-core-buttons-is-layout-16018d1d wp-block-buttons-is-layout-flex">
<div class="wp-block-button"><a class="wp-block-button__link wp-element-button" href="https://www.mytischtennis.de/click-tt/HeTTV/25--26/ligen/Kreisliga_Gr._1/gruppe/496364/tabelle/gesamt">Tabellen/Ergebnisse/Statistiken</a></div>
</div>

<p>Von Links: Sebastian Will, Steffen Dostal, Uwe Kranholdt, Winfried Will, Bernd Schäfer und Stefan Röder Aufstellung: 1 Alexander Mainusch 2. Steffen Dostal 3. Sebastian Will 4. Uwe Kranholdt 5. Bernd Schäfer      </p>
