{"id":32,"date":"2012-09-03T11:47:22","date_gmt":"2012-09-03T11:47:22","guid":{"rendered":"http:\/\/fsv-schwarzbach.de\/?page_id=32"},"modified":"2012-09-25T14:08:18","modified_gmt":"2012-09-25T14:08:18","slug":"senioren","status":"publish","type":"page","link":"https:\/\/fsv-schwarzbach.de\/index.php\/senioren\/","title":{"rendered":"Seniorenfu\u00dfball"},"content":{"rendered":"<h1 style=\"text-align: center;\"><span style=\"color: #339966;\"><em><strong>Herzlich Willkommen<\/strong><\/em><\/span><\/h1>\n<h1 dir=\"ltr\" align=\"center\"><span style=\"color: #339966;\"><strong><em>bei der<\/em><\/strong><\/span><\/h1>\n<h1 dir=\"ltr\" align=\"center\"><span style=\"color: #339966;\"><strong><em>SG Elters\/Eckweisbach\/Schwarzbach<\/em><\/strong><\/span><\/h1>\n<p align=\"center\">\u00a0\u00a0\u00a0 <img decoding=\"async\" src=\"http:\/\/www.sporton.de\/cms\/djkfsvschwarzbach\/images\/Wappen%20SG%20Elters.jpg\" alt=\"\" border=\"0\" \/>\u00a0\u00a0\u00a0 <img decoding=\"async\" src=\"http:\/\/www.sporton.de\/cms\/djkfsvschwarzbach\/images\/Wappen%20SG%20Eckweisbach.jpg\" alt=\"\" border=\"0\" \/>\u00a0\u00a0\u00a0\u00a0 <img loading=\"lazy\" decoding=\"async\" src=\"http:\/\/www.sporton.de\/cms\/djkfsvschwarzbach\/images\/Wappen_FSV_gruen%20schrag-1-klein.jpg\" alt=\"\" longdesc=\"\" width=\"100\" height=\"94\" border=\"0\" hspace=\"0\" \/><\/p>\n<p align=\"left\">\u00a0\u00a0\u00a0\u00a0\u00a0\u00a0\u00a0\u00a0\u00a0\u00a0\u00a0\u00a0\u00a0\u00a0\u00a0\u00a0\u00a0\u00a0\u00a0\u00a0\u00a0\u00a0\u00a0\u00a0\u00a0\u00a0\u00a0\u00a0\u00a0\u00a0\u00a0\u00a0\u00a0\u00a0\u00a0\u00a0\u00a0\u00a0\u00a0\u00a0\u00a0\u00a0\u00a0\u00a0\u00a0\u00a0\u00a0\u00a0\u00a0\u00a0\u00a0\u00a0\u00a0\u00a0\u00a0\u00a0\u00a0\u00a0\u00a0\u00a0\u00a0\u00a0\u00a0\u00a0\u00a0\u00a0\u00a0\u00a0\u00a0\u00a0\u00a0\u00a0\u00a0<\/p>\n<p align=\"left\"><strong>Seit\u00a0der Saison 2012\/13 schlie\u00dft sich unsere Seniorenmannschaft der Spielgemeinschaft aus Elters &amp; Eckweisbach an. F\u00fcr das kommende Spieljahr werden in der neuen Spielgemeinschaft drei Mannschaften gestellt. Informationen \u00fcber Spielpl\u00e4ne, Tabellen und anderen Statistiken finden Sie unter den einzelnen Mannschaften.<\/strong>\u00a0<\/p>\n","protected":false},"excerpt":{"rendered":"<p>Herzlich Willkommen bei der SG Elters\/Eckweisbach\/Schwarzbach \u00a0\u00a0\u00a0 \u00a0\u00a0\u00a0 \u00a0\u00a0\u00a0\u00a0 \u00a0\u00a0\u00a0\u00a0\u00a0\u00a0\u00a0\u00a0\u00a0\u00a0\u00a0\u00a0\u00a0\u00a0\u00a0\u00a0\u00a0\u00a0\u00a0\u00a0\u00a0\u00a0\u00a0\u00a0\u00a0\u00a0\u00a0\u00a0\u00a0\u00a0\u00a0\u00a0\u00a0\u00a0\u00a0\u00a0\u00a0\u00a0\u00a0\u00a0\u00a0\u00a0\u00a0\u00a0\u00a0\u00a0\u00a0\u00a0\u00a0\u00a0\u00a0\u00a0\u00a0\u00a0\u00a0\u00a0\u00a0\u00a0\u00a0\u00a0\u00a0\u00a0\u00a0\u00a0\u00a0\u00a0\u00a0\u00a0\u00a0\u00a0\u00a0\u00a0\u00a0 Seit\u00a0der Saison 2012\/13 schlie\u00dft sich unsere Seniorenmannschaft der Spielgemeinschaft aus Elters &amp; Eckweisbach an. F\u00fcr das kommende Spieljahr werden in der neuen Spielgemeinschaft drei Mannschaften gestellt. Informationen \u00fcber Spielpl\u00e4ne, Tabellen &hellip; <a href=\"https:\/\/fsv-schwarzbach.de\/index.php\/senioren\/\">Weiterlesen <span class=\"meta-nav\">&rarr;<\/span><\/a><\/p>\n","protected":false},"author":1,"featured_media":0,"parent":0,"menu_order":0,"comment_status":"closed","ping_status":"closed","template":"","meta":{"footnotes":""},"class_list":["post-32","page","type-page","status-publish","hentry"],"_links":{"self":[{"href":"https:\/\/fsv-schwarzbach.de\/index.php\/wp-json\/wp\/v2\/pages\/32","targetHints":{"allow":["GET"]}}],"collection":[{"href":"https:\/\/fsv-schwarzbach.de\/index.php\/wp-json\/wp\/v2\/pages"}],"about":[{"href":"https:\/\/fsv-schwarzbach.de\/index.php\/wp-json\/wp\/v2\/types\/page"}],"author":[{"embeddable":true,"href":"https:\/\/fsv-schwarzbach.de\/index.php\/wp-json\/wp\/v2\/users\/1"}],"replies":[{"embeddable":true,"href":"https:\/\/fsv-schwarzbach.de\/index.php\/wp-json\/wp\/v2\/comments?post=32"}],"version-history":[{"count":0,"href":"https:\/\/fsv-schwarzbach.de\/index.php\/wp-json\/wp\/v2\/pages\/32\/revisions"}],"wp:attachment":[{"href":"https:\/\/fsv-schwarzbach.de\/index.php\/wp-json\/wp\/v2\/media?parent=32"}],"curies":[{"name":"wp","href":"https:\/\/api.w.org\/{rel}","templated":true}]}}

Seniorenfußball

<h1 style="text-align: center;"><span style="color: #339966;"><em><strong>Herzlich Willkommen</strong></em></span></h1>
<h1 dir="ltr" align="center"><span style="color: #339966;"><strong><em>bei der</em></strong></span></h1>
<h1 dir="ltr" align="center"><span style="color: #339966;"><strong><em>SG Elters/Eckweisbach/Schwarzbach</em></strong></span></h1>
<p align="center">    <img decoding="async" src="http://www.sporton.de/cms/djkfsvschwarzbach/images/Wappen%20SG%20Elters.jpg" alt="" border="0" />    <img decoding="async" src="http://www.sporton.de/cms/djkfsvschwarzbach/images/Wappen%20SG%20Eckweisbach.jpg" alt="" border="0" />     <img loading="lazy" decoding="async" src="http://www.sporton.de/cms/djkfsvschwarzbach/images/Wappen_FSV_gruen%20schrag-1-klein.jpg" alt="" longdesc="" width="100" height="94" border="0" hspace="0" /></p>
<p align="left">                                                                         </p>
<p align="left"><strong>Seit der Saison 2012/13 schließt sich unsere Seniorenmannschaft der Spielgemeinschaft aus Elters &amp; Eckweisbach an. Für das kommende Spieljahr werden in der neuen Spielgemeinschaft drei Mannschaften gestellt. Informationen über Spielpläne, Tabellen und anderen Statistiken finden Sie unter den einzelnen Mannschaften.</strong> </p>

<p>Herzlich Willkommen bei der SG Elters/Eckweisbach/Schwarzbach                                                                                        Seit der Saison 2012/13 schließt sich unsere Seniorenmannschaft der Spielgemeinschaft aus Elters &amp; Eckweisbach an. Für das kommende Spieljahr werden in der neuen Spielgemeinschaft drei Mannschaften gestellt. Informationen über Spielpläne, Tabellen &hellip; <a href="https://fsv-schwarzbach.de/index.php/senioren/">Weiterlesen <span class="meta-nav">&rarr;</span></a></p>
